2
Let u(c) = -7*c**2 + 3*c + 8. Give u(3).
-46
Let u(s) = -s**3 - 9*s**2 - s + 13. Determine u(-9).
22
Let t(x) = x**2 - 19*x + 16. Give t(17).
-18
Let j(s) = -s**2 + 4*s + 1. Determine j(-3).
-20
Let j(i) = 26*i + 156. What is j(-6)?
0
Let r(f) = 13*f - 5. Give r(0).
-5
Let i(d) = -2*d**2 + 16*d + 19. Calculate i(9).
1
Let b(f) = -f**2 + 9*f + 87. Calculate b(14).
17
Let p(n) = 18*n - 142. Give p(8).
2
Let m(f) = f**2 - 12*f - 37. Calculate m(16).
27
Let y(d) = -d**3 - 7*d**2 - 10*d + 3. What is y(-7)?
73
Let l(f) = -f**2 - 11*f - 26. Determine l(-12).
-38
Let q(c) = c**2 - 18*c - 171. What is q(25)?
4
Let t(n) = -2*n - 14. Give t(-3).
-8
Let c(g) = g**3 + 8*g**2 - 8*g + 12. Determine c(-9).
3
Let r(o) = -9*o - 1. Determine r(-7).
62
Let i(f) = f**3 - 4*f**2 + f - 4. Calculate i(3).
-10
Let o(j) = 8*j + 10. Calculate o(-4).
-22
Let w(b) = 7*b - 3. Calculate w(-4).
-31
Let x(g) = -3*g**2 - 2*g + 3. Give x(3).
-30
Let g(b) = b + 1. What is g(5)?
6
Let z(d) = -5*d + 24. What is z(8)?
-16
Let n(c) = c + 21. Give n(4).
25
Let v(r) = -r**3 - 14*r**2 - 23*r + 42. Determine v(-11).
-68
Let t(c) = -c**3 - 4*c**2 + c - 4. What is t(-4)?
-8
Let w(u) = -3*u - 5. Calculate w(4).
-17
Let b(z) = 7*z - 9. Give b(2).
5
Let l(b) = -b**2 - 5. Calculate l(-3).
-14
Let d(f) = f**2 + 15*f + 13. Calculate d(-13).
-13
Let t(j) = -5*j + 105. Give t(22).
-5
Let f(v) = v**3 + 9*v**2 + 11*v - 20. What is f(-7)?
1
Let w(v) = -v**3 + 4*v**2 - v - 14. What is w(3)?
-8
Let y(m) = -2*m - 59. Give y(-18).
-23
Let x(v) = -v**2 + 3*v + 7. Determine x(5).
-3
Let y(a) = 6*a - 39. Determine y(9).
15
Let a(l) = 10*l**2 - l + 9. Determine a(3).
96
Let l(d) = -3*d**2 - 6*d - 4. Give l(-1).
-1
Let t(j) = 10*j - 40. Calculate t(7).
30
Let t(g) = -3*g - 10. Calculate t(-7).
11
Let j(r) = -28*r**2 - r - 1. Determine j(-1).
-28
Let n(x) = x**2 + 7*x + 9. Calculate n(-9).
27
Let b(r) = 6*r - 24. Calculate b(5).
6
Let z(a) = a**3 - 12*a**2 + 6. Give z(12).
6
Let i(r) = r**3 + 5*r**2 - 8*r + 5. Give i(-6).
17
Let n(b) = 9*b**2 + 54*b - 3. Determine n(-6).
-3
Let a(z) = 2*z**2 + 4*z - 77. Calculate a(-7).
-7
Let y(t) = 2*t**2 + 12*t - 13. Calculate y(-9).
41
Let g(c) = c**3 + 9*c**2 + 4*c - 28. What is g(-8)?
4
Let c(u) = u**2 + 5*u + 2. Determine c(-6).
8
Let a(n) = -2*n**3 - 3*n**2 - n + 1. Give a(-2).
7
Let h(c) = -c**3 + 2*c + 1. Give h(0).
1
Let c(m) = -18*m - 109. Give c(-6).
-1
Let z(k) = 2*k**2 - 12*k + 25. What is z(4)?
9
Let y(l) = -58*l**2 - l - 2. Determine y(1).
-61
Let k(t) = t**2 - 9*t + 22. Determine k(3).
4
Let p(n) = -5*n**2 + 44*n + 9. Give p(9).
0
Let w(c) = c**3 - 9*c**2 - 4*c + 7. What is w(9)?
-29
Let f(c) = -c + 2. Calculate f(2).
0
Let y(q) = q**3 + 17*q**2 + 15*q - 14. Calculate y(-16).
2
Let d(f) = -f**3 + 7*f**2 - 2*f + 9. Give d(6).
33
Let n(h) = -h**3 - h**2 + 2*h - 14. What is n(0)?
-14
Let r(j) = -4*j + 92. Give r(22).
4
Let o(b) = b**2 - 13*b - 3. Calculate o(13).
-3
Let y(c) = -c**2 - 16*c - 17. Calculate y(-15).
-2
Let x(p) = p**3 + 5*p**2 + 2*p - 3. Calculate x(-3).
9
Let i(b) = b + 1. Give i(14).
15
Let r(g) = -g**2 - 4*g - 2. Give r(-4).
-2
Let f(j) = 10*j**2 - 2*j - 11. Determine f(-4).
157
Let f(w) = w**3 + 20*w**2 + 36*w + 7. Determine f(-18).
7
Let j(g) = -4*g + 1. Give j(-1).
5
Let j(h) = -h**3 - 49*h**2 + 53*h + 161. Give j(-50).
11
Let v(s) = -s**3 - 3*s**2 - 2*s - 4. Calculate v(-4).
20
Let m(k) = 262*k - 1830. Determine m(7).
4
Let f(b) = b. Give f(8).
8
Let h(c) = -c**3 - 22*c**2 + 21*c - 32. Determine h(-23).
14
Let j(g) = 32*g**3 + g**2 + g - 1. Determine j(-1).
-33
Let m(i) = 26*i - 236. Determine m(10).
24
Let l(b) = -4*b**2 - 106*b - 52. Determine l(-26).
0
Let p(q) = 6*q**2 - 9*q - 10. Determine p(-1).
5
Let y(n) = 2*n + 5. Determine y(5).
15
Let a(l) = l**2 + 5*l - 14. What is a(-7)?
0
Let v(a) = a**2 - 7*a - 16. Give v(7).
-16
Let i(w) = -w**2 - 6*w + 1. Give i(-3).
10
Let d(s) = 26*s - 43. Give d(6).
113
Let q(p) = -p**2 - 24*p - 68. What is q(-21)?
-5
Let w(n) = -2*n**2 + 3*n + 11. Give w(4).
-9
Let z(v) = 16*v - 333. What is z(20)?
-13
Let x(o) = 9*o**2. What is x(1)?
9
Let d(p) = -p**3 + 5*p**2 + 2*p - 5. What is d(5)?
5
Let t(b) = 2*b**3 - 6*b**2 + 7*b - 8. Determine t(3).
13
Let v(f) = f**3 - 8*f**2 - 9*f - 2. What is v(9)?
-2
Let b(l) = l**2 + 4*l - 28. What is b(4)?
4
Let s(i) = -2*i**2 - 13*i + 4. Determine s(-10).
-66
Let d(k) = 3*k + 81. Calculate d(-35).
-24
Let g(s) = s**3 - 5*s**2 + 8*s - 8. What is g(4)?
8
Let h(o) = -2*o**2 + 4*o + 7. Give h(5).
-23
Let v(k) = -2*k**2 + 48*k - 85. What is v(22)?
3
Let m(r) = -4*r + 69. Calculate m(15).
9
Let l(g) = -g**3 + 5*g**2 - 2*g - 2. Give l(2).
6
Let h(a) = a**3 + 7*a**2 - 5*a + 25. What is h(-7)?
60
Let y(j) = j**3 - 6*j**2 - 8*j - 3. What is y(6)?
-51
Let p(r) = -3*r + 8. What is p(-5)?
23
Let l(i) = -i**2 + 16*i - 13. Give l(17).
-30
Let h(b) = b**2 + 10*b - 303. Determine h(13).
-4
Let u(d) = d**2 + 38*d + 177. Calculate u(-33).
12
Let g(a) = -a**3 - 16*a**2 - 3*a + 14. Calculate g(-16).
62
Let m(z) = -5*z**2 + 25*z - 31. Determine m(3).
-1
Let u(i) = 11*i - 1. Give u(-1).
-12
Let l(x) = x**2 - 29*x - 305. Determine l(37).
-9
Let l(s) = 2*s - 4. What is l(4)?
4
Let n(f) = -f**3 + 2*f**2 + 2*f + 15. Calculate n(0).
15
Let v(n) = n**2 - 27*n + 51. What is v(25)?
1
Let t(d) = 7*d - 67. Calculate t(11).
10
Let a(u) = 2*u + 5. What is a(6)?
17
Let y(q) = q**2 + 13*q + 10. Give y(-8).
-30
Let r(v) = v**3 + 7*v**2 - 32*v - 15. What is r(-10)?
5
Let w(h) = -h**2 - 3*h + 3. Determine w(-3).
3
Let q(r) = r**3 + 12*r**2 + r + 8. What is q(-12)?
-4
Let o(p) = p**2 - 3*p - 2. Determine o(7).
26
Let j(m) = 3*m**3 + 33*m**2 - m - 15. Determine j(-11).
-4
Let j(b) = -2*b**2 + 26*b + 25. What is j(14)?
-3
Let c(y) = y - 19. What is c(10)?
-9
Let t(a) = 7*a + 131. Give t(-21).
-16
Let k(b) = b**3 + 9*b**2 + 9*b - 6. What is k(-8)?
-14
Let f(s) = 2*s - 20. Calculate f(6).
-8
Let z(f) = f**3 - f**2 + f + 25. Calculate z(0).
25
Let n(c) = -c**2 - 12*c - 4. Determine n(-9).
23
Let t(h) = 2*h**3 - 10*h**2 - 19. Determine t(5).
-19
Let o(r) = r**2 + 12*r + 25. Give o(-11).
14
Let x(o) = -2*o - 8. Give x(4).
-16
Let s(d) = -d + 34. Determine s(31).
3
Let n(f) = -11*f + 7. Determine n(1).
-4
Let x(o) = -o**3 - 6*o**2 + 10*o. Calculate x(2).
-12
Let c(r) = -2*r**2 + 7*r + 8. What is c(6)?
-22
Let q(x) = x + 53. What is q(-19)?
34
Let r(n) = 3*n + 65. What is r(-24)?
-7
Let j(s) = -s**3 + s**2 + 3*s + 2. Give j(-2).
8
Let l(b) = -3*b**2 - 28*b + 17. Determine l(-12).
-79
Let f(w) = 123*w - 2. Calculate f(1).
121
Let q(p) = -p**2 - 15*p - 52. What is q(-14)?
-38
Let d(t) = 12*t**2 - 3*t + 7. Give d(2).
49
Let l(k) = -k**3 + 7*k**2 + 15*k + 36. What is l(9)?
9
Let s(m) = -4*m + 47. Give s(12).
-1
Let b(c) = c**3 - 12*c**2 + 18*c + 18. Give b(10).
-2
Let s(u) = -u**3 + 21*u**2 - u + 17. Calculate s(21).
-4
Let z(l) = 7*l**3 + 2*l**2 - 5*l - 3. Determine z(2).
51
Let h(u) = 3*u + 1. Calculate h(4).
13
Let s(w) = -w**3 + 12*w**2 + 12*w + 16. Determine s(13).
3
Let u(q) = -q**2 + 8*q. What is u(9)?
-9
Let j(p) = -16*p - 209. Determine j(-13).
-1
Let l(x) = -9*x + 6. Calculate l(-3).
33
Let d(r) = 3*r. Calculate d(0).
0
Let l(a) = a**3 - 7*a**2 - 3*a - 5. Determine l(8).
35
Let u(n) = -2*n - 15. Give u(-13).
11
Let i(l) = -l**2 - 9*l + 48. Give i(3).
12
Let f(r) = r**3 - 6*r**2 + 6*r - 6. Determine f(6).
30
Let x(s) = -s**3 + 6*s**2 - 9. What is x(5)?
16
Let r(n) = -n**3 + n**2 + n - 4. Give r(2).
-6
Let n(a) = -4*a - 131. Give n(-34).
5
Let s(g) = 23*g**2 - 3*g + 1. Determine s(-1).
27
Let v(o) = o**3 + 13*o**2 + 12*o - 1. Determine v(-12).
-1
Let x(w) = 2*w**2 + 14*w - 4. Calculate x(-8).
12
Let h(q) = -q**2 + 15*q - 4. Give h(15).
-4
Let s(m) = -m**3 + 6*m**2 + m - 19. What is s(6)?
-13
Let z(s) = 21*s + 920. Give z(-44).
-4
Let x(q) = q**2 + 10*q + 13. Give x(-3).
-8
Let f(q) = -q**3 + 6*q**2 - 2*q - 5. Determine f(7).
-68
Let k(d) = d**3 - 9*d**2 + 11*d - 14. Determine k(8).
10
Let q(a) = 13*a + 99. Give q(-8).
-5
Let k(c) = c**3 + c**2 + 14. Calculate k(-3).
-4
Let h(i) = i**2 + 15*i + 4. Determine h(-12).
-32
Let q(k) = k**2 - 15*k - 30. What is q(14)?
-44
Let o(i) = -i**2 - 2*i + 32. Calculate o(-6).
8
Let u(s) = s**2 - 12*s + 33. What is u(3)?
6
Let x(c) = -c**2 + 2*c + 17. Determine x(5).
2
Let q(